432256 a multiple of 46?
True
Is 6088 even?
True
Does 297 divide 26600?
False
Does 66 divide 1943529?
False
Does 709 divide 9051803?
True
Is 651584 a multiple of 8?
True
Does 4 divide 70811?
False
Does 87 divide 102287?
False
Does 31 divide 14787?
True
Is 217 a factor of 335048?
True
Is 5576930 a multiple of 249?
False
Does 364 divide 802620?
True
Is 501 a factor of 14010966?
True
Does 11 divide 218966?
True
Is 16 a factor of 13952652?
False
Is 7705752 a multiple of 24?
True
Is 102240 a multiple of 30?
True
Is 138 a factor of 52557?
False
Does 326 divide 8179?
False
Does 18 divide 5256504?
True
Does 18 divide 57244?
False
Is 345 a factor of 1210365?
False
Is 463196 a multiple of 21?
False
Is 34 a factor of 14669436?
True
Is 4486900 a multiple of 50?
True
Is 26 a factor of 1879904?
True
Does 3 divide 63393?
True
Is 64 a factor of 665931?
False
Does 84 divide 2830390?
False
Is 29 a factor of 1044588?
False
Is 19 a factor of 5346?
False
Is 7 a factor of 12132?
False
Is 14 a factor of 4359262?
False
Does 24 divide 119808?
True
Is 59 a factor of 1479145?
False
Is 11 a factor of 2391726?
False
Is 23406 a multiple of 6?
True
Is 11 a factor of 2833208?
False
Is 21384 a multiple of 36?
True
Does 74 divide 122920?
False
Is 136775 a multiple of 373?
False
Is 16 a factor of 276566?
False
Is 686695 a multiple of 12?
False
Does 100 divide 1156700?
True
Is 210 a factor of 141120?
True
Does 147 divide 4429403?
False
Does 276 divide 279036?
True
Is 8 a factor of 99818?
False
Is 148 a factor of 507936?
True
Is 313560 a multiple of 45?
True
Does 9 divide 9388104?
False
Does 6 divide 1164856?
False
Does 167 divide 47232?
False
Is 64947 a multiple of 181?
False
Does 4 divide 3182152?
True
Is 9 a factor of 523888?
False
Is 404 a factor of 2891832?
True
Is 4958784 a multiple of 64?
True
Is 59 a factor of 70358?
False
Is 23 a factor of 1337795?
True
Does 12 divide 1000956?
True
Does 161 divide 5913530?
True
Is 557285 a multiple of 491?
True
Is 19 a factor of 32205?
True
Is 83181 a multiple of 34?
False
Is 156 a factor of 370508?
False
Is 61 a factor of 372758?
False
Does 12 divide 1142179?
False
Is 77 a factor of 64778?
False
Does 19 divide 536902?
True
Is 9 a factor of 1458177?
False
Is 12 a factor of 1270520?
False
Is 128972 a multiple of 76?
True
Is 1049 a factor of 827752?
False
Is 20204 a multiple of 8?
False
Is 732841 a multiple of 11?
False
Does 25 divide 30600?
True
Is 241424 a multiple of 14?
False
Does 477 divide 244575?
False
Is 994 a factor of 477120?
True
Does 74 divide 761830?
True
Does 163 divide 215108?
False
Is 74 a factor of 90724?
True
Is 22653 a multiple of 9?
True
Is 130 a factor of 4772170?
True
Is 14 a factor of 4733265?
False
Is 467344 a multiple of 16?
True
Does 27 divide 87993?
True
Does 111 divide 122100?
True
Is 808520 a multiple of 17?
True
Is 20931976 a multiple of 26?
True
Is 357443 a multiple of 2?
False
Is 179175 a multiple of 69?
False
Does 60 divide 1977120?
True
Does 92 divide 664240?
True
Is 452511 even?
False
Is 35 a factor of 136551?
False
Is 451 a factor of 451451?
True
Is 5130417 a multiple of 146?
False
Is 1763782 a multiple of 142?
True
Is 39 a factor of 39819?
True
Is 9752 a multiple of 19?
False
Is 418752 a multiple of 18?
True
Is 123 a factor of 26076?
True
Does 10 divide 342094?
False
Is 515 a factor of 1614525?
True
Does 141 divide 59220?
True
Does 395 divide 365666?
False
Is 459795 a multiple of 551?
False
Is 31 a factor of 105973?
False
Is 11613 a multiple of 7?
True
Does 222 divide 1041102?
False
Does 18 divide 326808?
True
Is 71 a factor of 1362277?
True
Is 1050 a factor of 1310320?
False
Is 671944 a multiple of 728?
True
Is 218 a factor of 461482?
False
Does 51 divide 1434214?
False
Is 1262478 a multiple of 19?
False
Is 7 a factor of 133210?
True
Is 25 a factor of 125625?
True
Does 14 divide 4470?
False
Does 14 divide 456470?
True
Does 497 divide 334978?
True
Is 53354 a multiple of 103?
True
Is 728 a factor of 5372640?
True
Is 12642 a multiple of 86?
True
Is 58 a factor of 7349818?
True
Is 52 a factor of 1278?
False
Does 33 divide 463138?
False
Is 54 a factor of 2008785?
False
Is 158 a factor of 2959656?
True
Is 1465 a factor of 3595708?
False
Is 117455 a multiple of 2?
False
Does 34 divide 110358?
False
Is 163993 a multiple of 22?
False
Is 292320 a multiple of 7?
True
Does 3 divide 57138?
True
Does 170 divide 3586317?
False
Does 12 divide 80586?
False
Does 6 divide 158190?
True
Is 45 a factor of 2265505?
False
Does 35 divide 2852955?
True
Is 1527904 a multiple of 112?
True
Is 5682 a multiple of 7?
False
Is 693 a factor of 6512628?
False
Is 9660 a multiple of 21?
True
Does 14 divide 483299?
False
Does 152 divide 2119640?
True
Is 2935224 a multiple of 84?
False
Is 21 a factor of 38598?
True
Is 89 a factor of 3068275?
True
Is 5 a factor of 176055?
True
Is 226926 a multiple of 42?
True
Does 9 divide 327924?
True
Does 10 divide 95960?
True
Is 557924 a multiple of 33?
False
Is 11912544 a multiple of 1064?
True
Does 26 divide 2383966?
True
Is 17 a factor of 2206966?
False
Is 1378694 a multiple of 168?
False
Does 7 divide 5280283?
False
Is 59 a factor of 462619?
True
Is 15 a factor of 57017?
False
Is 50 a factor of 43088?
False
Is 461 a factor of 446248?
True
Does 145 divide 862900?
False
Is 413 a factor of 2237221?
True
Is 3540968 a multiple of 4?
True
Does 279 divide 288142?
False
Does 59 divide 122055?
False
Is 10285 a multiple of 78?
False
Does 219 divide 200541?
False
Is 15350926 a multiple of 1489?
False
Is 15 a factor of 47912?
False
Does 94 divide 1689086?
True
Is 576058 a multiple of 34?
False
Is 2674561 a multiple of 27?
False
Is 21 a factor of 3274362?
True
Is 117 a factor of 549291?
False
Is 283 a factor of 212985?
False
Is 3361592 a multiple of 19?
False
Does 12 divide 24064082?
False
Does 82 divide 1782650?
False
Is 2 a factor of 470266?
True
Does 17 divide 1060817?
True
Does 33 divide 446830?
False
Is 303257 a multiple of 18?
False
Does 39 divide 12536433?
True
Is 15551327 a multiple of 120?
False
Is 206 a factor of 90697?
False
Is 6 a factor of 152681?
False
Is 125911 a multiple of 41?
True
Does 190 divide 4694796?
False
Is 11 a factor of 95846?
False
Is 3309780 a multiple of 7?
False
Does 25 divide 653100?
True
Is 1586 a factor of 9719008?
True
Is 29 a factor of 469510?
True
Is 185 a factor of 50320?
True
Does 20 divide 2811680?
True
Is 805412 a multiple of 542?
True
Does 466 divide 4400438?
True
Is 8 a factor of 487360?
True
Does 13 divide 1444?
False
Does 32 divide 2269824?
True
Is 938922 a multiple of 306?
False
Is 76667 a multiple of 343?
False
Is 21 a factor of 507045?
True
Does 261 divide 249255?
True
Does 9 divide 20034?
True
Is 1597 a factor of 7140187?
True
Is 20563 a multiple of 17?
False
Is 350 a factor of 12774451?
False
Is 331 a factor of 910921?
False
Does 101 divide 166013?
False
Is 4 a factor of 293312?
True
Is 27 a factor of 284623?
False
Is 1187312 a multiple of 16?
True
Is 296400 a multiple of 73?
False
Does 430 divide 598521?
False
Is 141173 a multiple of 5?
False
Is 452054 a multiple of 291?
False
Is 41440 a multiple of 21?
False
Is 223488 a multiple of 194?
True
Is 70847 a multiple of 349?
True
Is 46 a factor of 181069?
False
Is 11 a factor of 387023?
False
Is 45819 a multiple of 10?
False
Is 37 a factor of 49358?
True
Does 24 divide 149688?
True
Is 4545 a multiple of 16?
False
Is 17 a factor of 112894?
False
Is 43 a factor of 114176?
False
Is 308 a factor of 628320?
True
Is 948757 a multiple of 36?
False
Is 723 a factor of 8920991?
False
Is 295 a factor of 151630?
True
Is 12621 a multiple of 21?
True
Is 401 a factor of 1350082?
False
Is 607680 a multiple of 60?
True
Is 3 a factor of 558941?
False
Is 204 a factor of 6555540?
True
Is 320221 a multiple of 5?
False
Is 41 a factor of 375420?
False
Is 5057518 a multiple of 42?
False
Is 12 a factor of 326532?
True
Is 731591 a multiple of 480?
False
Is 24 a factor of 83687?
False
Is 219 a factor of 178485?
True
Is 13 a factor of 116520?
False
Is 43 a factor of 54309?
True
Does 386 divide 24055593?
False
Is 652274 a multiple of 5?
False
Is 186 a factor of 95363?
False
Does 50 divide 277650?
True
Is 2085270 a multiple of 355?
True
Is 144 a factor of 107957?
False
Does 181 divide 49956?
True
Does 86 divide 347698?
True
Is 874476 a multipl